66?
1364157
In base 12, what is -2 + 1b5b4?
1b5b2
In base 7, what is 22 + -363?
-341
In base 6, what is -2553303 + -22?
-2553325
In base 10, what is 315 + -4?
311
In base 10, what is 86 - 143?
-57
In base 10, what is 5953 + 74?
6027
In base 7, what is 60 + -610?
-520
In base 8, what is -4 + 23306?
23302
In base 9, what is 36 - 1814?
-1767
In base 9, what is -2338181 - 1?
-2338182
In base 11, what is 8 - 1770?
-1763
In base 13, what is 88 + a45?
b00
In base 14, what is -105 - -4dcd?
4cc8
In base 10, what is 14 + 332?
346
In base 4, what is -102 - 1213310?
-1220012
In base 3, what is -1011021 - 1100221?
-2112012
In base 4, what is -123220 - -103?
-123111
In base 12, what is 1047359 + -5?
1047354
In base 15, what is 6 - 1446?
-1440
In base 3, what is 112212200011 + -11?
112212200000
In base 13, what is -281 - -64?
-21a
In base 3, what is 210121 - 1101021?
-120200
In base 5, what is -113131423 - 3?
-113131431
In base 11, what is -468 - -140?
-328
In base 5, what is 0 + 213414?
213414
In base 9, what is 1741 - 1682?
48
In base 14, what is -70 + -d89?
-1019
In base 2, what is -11001 - -1000010101111?
1000010010110
In base 3, what is 12100 + 12121?
101221
In base 10, what is -2 - 2556?
-2558
In base 6, what is 101 + -215?
-114
In base 16, what is 5636 + -9?
562d
In base 14, what is -212 + -d7?
-309
In base 9, what is -51 + 43011?
42850
In base 5, what is -3210420 - -1?
-3210414
In base 10, what is -1 - -15582?
15581
In base 12, what is -369 + 50?
-319
In base 5, what is -11041430 - -2?
-11041423
In base 6, what is 5045324 + 2?
5045330
In base 10, what is -2 + 14843?
14841
In base 16, what is -1b + 22a72?
22a57
In base 12, what is 7301 + -3?
72ba
In base 15, what is -5e + 51e?
4b0
In base 6, what is -2 + 11201254?
11201252
In base 7, what is -10 - -22055?
22045
In base 8, what is -100 + -113?
-213
In base 3, what is 1022200001 - -202?
1022200210
In base 15, what is -67e8 + -3?
-67eb
In base 3, what is 1 - 120101210?
-120101202
In base 7, what is 305 - 1100?
-462
In base 12, what is 1a4 - -12bb?
14a3
In base 7, what is -12342 - -146?
-12163
In base 15, what is 38515 + 0?
38515
In base 2, what is -1000011 - 1001011000?
-1010011011
In base 3, what is -12202010 + 12?
-12201221
In base 10, what is 545 + 339?
884
In base 6, what is 21515303 + 3?
21515310
In base 13, what is 33 - -9c46?
9c79
In base 6, what is 43 + -250215?
-250132
In base 8, what is 5 + -311272?
-311265
In base 9, what is 51344 - -2?
51346
In base 8, what is -5 + 1540746?
1540741
In base 5, what is -3042144 - 0?
-3042144
In base 7, what is 5 - -403543?
403551
In base 10, what is -130 - -10995?
10865
In base 11, what is 5 + 9600?
9605
In base 7, what is 3 - -315266?
315302
In base 8, what is -5714 - -326?
-5366
In base 4, what is 2302001 + -12?
2301323
In base 4, what is 10210 - 31230?
-21020
In base 11, what is 155109 + 8?
155116
In base 3, what is -2010100220 - 100?
-2010101020
In base 9, what is 3 - 78578?
-78575
In base 3, what is 2120 + 102210122?
102220012
In base 13, what is -1 + 102854?
102853
In base 5, what is 2321243 + 2?
2321300
In base 6, what is 4 + -113145?
-113141
In base 14, what is 1 - 4111?
-4110
In base 3, what is 110022022122 + -102?
110022022020
In base 16, what is -284 - -8?
-27c
In base 10, what is -1207036 + 4?
-1207032
In base 9, what is 112 - -151?
263
In base 3, what is 2101002 - 2100?
2021202
In base 5, what is -23 + 1014?
441
In base 13, what is -3a6 - 1a?
-3c3
In base 10, what is -80 + -4476?
-4556
In base 15, what is -9 + -162b9?
-162c3
In base 8, what is 4421 - 250?
4151
In base 3, what is 10120021 + -102?
10112212
In base 15, what is -4 + -2a9b9?
-2a9bd
In base 6, what is -11033 - 122?
-11155
In base 16, what is -117 + 2cc?
1b5
In base 8, what is 3272 - 405?
2665
In base 16, what is -d - -20e4?
20d7
In base 2, what is -11111 + -11001000?
-11100111
In base 10, what is -39842 - 2?
-39844
In base 6, what is -41 + 2541?
2500
In base 3, what is 10222112 - 120?
10221222
In base 13, what is 5 - a885?
-a880
In base 7, what is -3 + 1054602?
1054566
In base 9, what is 2 - 517?
-515
In base 15, what is d - -154e?
155c
In base 16, what is -5 - -c77c?
c777
In base 11, what is -1 - 16876?
-16877
In base 5, what is -2340430 - -2?
-2340423
In base 10, what is 8 + 14208?
14216
In base 6, what is -5130334 - -1?
-5130333
In base 14, what is -45 + -1777?
-17bc
In base 10, what is 2153 - -122?
2275
In base 15, what is 272 + c?
27e
In base 12, what is 13 + -30a16?
-30a03
In base 4, what is -1 + 31213230?
31213223
In base 8, what is 20313 - -22?
20335
In base 6, what is -2 - -14052350?
14052344
In base 6, what is 2 - 1430204?
-1430202
In base 8, what is -2260207 - -1?
-2260206
In base 10, what is 25 - -533?
558
In base 13, what is -3 - -22b5aa?
22b5a7
In base 8, what is 16727 + -1?
16726
In base 7, what is -12225343 - -3?
-12225340
In base 6, what is -131 + 45354?
45223
In base 13, what is -77a5 - -12?
-7793
In base 2, what is 1101 - 101011011001?
-101011001100
In base 4, what is 1301 - 1302?
-1
In base 13, what is 9 + 2cc1?
2cca
In base 6, what is 10 + 141212?
141222
In base 15, what is -24 + -2dc0?
-2de4
In base 14, what is -840 - 71?
-8b1
In base 3, what is 1110001121 - -22?
1110001220
In base 3, what is -100110 - -1112?
-21221
In base 6, what is -4 + -533134?
-533142
In base 16, what is -1 + 10673?
10672
In base 3, what is 1212122 - -2202?
1222101
In base 8, what is -560 - -142?
-416
In base 3, what is 11101 - -220?
12021
In base 6, what is 111050 + 20?
111110
In base 8, what is -1211 + 231?
-760
In base 10, what is -207797 - -1?
-207796
In base 13, what is -12 + 33144?
33132
In base 9, what is -300 + 50?
-240
In base 14, what is -502 + -2a?
-52c
In base 2, what is -101 + 100101000100101111110?
100101000100101111001
In base 13, what is 963 + -1a?
946
In base 5, what is -133 + -113014?
-113202
In base 7, what is -1 - -56122?
56121
In base 16, what is -404 + -13c?
-540
In base 12, what is -40 + -622?
-662
In base 13, what is -545a + -a9?
-5536
In base 16, what is -4d8c64 - 5?
-4d8c69
In base 7, what is -2 + -32362?
-32364
In base 4, what is -2 - -1113310221?
1113310213
In base 8, what is 112 + -516?
-404
In base 2, what is 1010001011111 + 10100?
1010001110011
In base 8, what is -343 + -4536?
-5101
In base 3, what is 12 - 101020120110?
-101020120021
In base 12, what is 11603 + 43?
11646
In base 15, what is 4474 + -51?
4423
In base 5, what is 1 - 23444?
-23443
In base 8, what is 2 - -54621?
54623
In base 16, what is -25 - 45e?
-483
In base 13, what is -1a47 - -40?
-1a07
In base 13, what is -1a10 - -76?
-1967
In base 5, what is -10200411 - -31?
-10200330
In base 6, what is 114 + 23432?
23550
In base 7, what is 215 + 10410?
10625
In base 6, what is 332 - -300352?
301124
In base 3, what is 101012 + -10112100?
-10011011
In base 10, what is -34479 - -1?
-34478
In base 9, what is 3 - -1213863?
1213866
In base 3, what is 222111111 - -12020?
222200201
In base 10, what is 245 + 145?
390
In base 7, what is 2611531 - 1?
2611530
In base 6, what is -20 + 122030?
122010
In base 13, what is 1659b + b?
165a9
In base 4, what is -100202 + -2032?
-102300
In base 7, what is 204 - 1563?
-1356
In base 10, what is -1228 + -77?
-1305
In base 7, what is -13 + -55042?
-55055
In base 14, what is -972488 + -3?
-97248b
In base 11, what is 271 + 4?
275
In base 7, what is -66 + -65643?
-66042
In base 4, what is 2210100 - -23?
2210123
In base 3, what is 20 + 10201110121?
10201110211
In base 3, what is 10222112211100 - 12?
10222112211011
In base 5, what is 300041 - -1?
300042
In base 15, what is 187 - 63?
124
In base 5, what is 0 - -41034042?
41034042
In base 16, what is -a - -1869a?
18690
In base 11, what is 2470 + -1250?
1220
In base 9, what is 36 - -1141?
1177
In base 3, what is 121101211000 + -11?
121101210212
In base 12, what is 28a - 23?
267
In base 11, what is -27 - -1126?
10aa
In base 16, what is -4de8fc + -3?
-4de8ff
In base 14, what is -182 - 55?
-1d7
In base 10, what is 4692 + -1?
4691
In base 9, what is -25 - -855?
830
In base 11, what is -2494aa - 0?
-2494aa
In base 12, what is 127 - 94?
53
In base 4, what is 21332122311 - 3?
21332122302
In base 4, what is -1111233 - -100?
-1111133
In base 13, what is -2643 - 2a?
-2670
In base 12, what is -130 + -409?
-539
In base 12, what is -9587 + -5?
-9590
I